{"id":8,"date":"2014-04-21T19:19:35","date_gmt":"2014-04-21T18:19:35","guid":{"rendered":"https:\/\/www.electro-park.fr\/?page_id=8"},"modified":"2014-04-21T19:19:35","modified_gmt":"2014-04-21T18:19:35","slug":"presentation-de-nos-services","status":"publish","type":"page","link":"https:\/\/www.electro-park.fr\/?page_id=8","title":{"rendered":"Pr\u00e9sentation"},"content":{"rendered":"\n\t\t\t\t<p>\u00ab\u00a0<a title=\"Cadre de Vie\" href=\"http:\/\/www.cadre-de-vie.fr\/\" target=\"_blank\" rel=\"noopener noreferrer\">Cadre de vie<\/a> \u00bb est une entreprise parisienne exer\u00e7ant dans le BTP depuis plus de vingt ans.<\/p>\n<div>\n<p>Forts de notre exp\u00e9rience et <strong>passionn\u00e9s<\/strong> par l\u2019innovation, nous proposons <strong>l\u2019installation et si vous le d\u00e9sirez la maintenance<\/strong>, dans les parkings de copropri\u00e9t\u00e9,\u00a0de<strong> bornes de recharge de batterie pour les voitures \u00e9lectriques<\/strong>.<\/p>\n<div>\n<p>Nos <strong>WALLBOX<\/strong> peuvent concerner tout l\u2019ensemble ou une partie seulement d\u2019un parc de stationnement. Nos solutions sont <strong>\u00e9conomiques<\/strong>, <strong>pratiques<\/strong> et <strong>efficaces<\/strong>, et nous effectuons pour vous toutes les <strong>d\u00e9marches administratives<\/strong> n\u00e9cessaires, et ce dans les r\u00e8gles de l\u2019art.<\/p>\n<hr \/>\n<h3>PRIME, AIDE GOUVERNEMENTALE<\/h3>\n<p><strong>Dans le cadre de la transition \u00e9nerg\u00e9tique deux aides cumulables sont propos\u00e9es:<\/strong><\/p>\n<p><strong>Prime Advenir <\/strong>: elle couvre les co\u00fbts de fourniture et d&rsquo;installation \u00e0 hauteur de 50% avec un plafond de 600\u20ac. Nous entreprenons pour vous toutes les d\u00e9marches vous permettant de recevoir cette prime.<\/p>\n<p><strong>D\u00e9fiscalisation<\/strong> : Cr\u00e9dit d&rsquo;imp\u00f4t de 300\u20ac (loi fiscale 2020)<\/p>\n<p><strong>Condition<\/strong> : \u00e9quiper la borne d&rsquo;un dispositif heures pleines\/heures creuses.<\/p>\n<p><strong>Le Taux de TVA<\/strong> applicable \u00e0 l&rsquo;ensemble de ces travaux est de 5,5 %.<\/p>\n<p><strong>Information importante<\/strong> : Vous devenez propri\u00e9taire de toute l&rsquo;installation (Borne de recharge, compteur, protections&#8230;), il n&rsquo;y a pas de frais suppl\u00e9mentaire (location, maintenance\u2026), vous \u00eates uniquement redevable \u00e0 la copropri\u00e9t\u00e9 du <strong>courant consomm\u00e9 lors de la recharge de votre v\u00e9hicule.<\/strong><\/p>\n<hr \/>\n<h3>Qualification<\/h3>\n<p>Cadre de Vie a obtenu la qualification QUALIFELEC LCPT (Logement &#8211; Commerce \u2013 Petit Tertiaire) avec mention IRVE (Infrastructures de Recharge V\u00e9hicule Electrique) et sommes r\u00e9f\u00e9renc\u00e9s <a href=\"https:\/\/advenir.mobi\/les-installateurs\/\" target=\"_blank\" rel=\"noopener noreferrer\">ADVENIR<\/a>.<\/p>\n<\/div>\n<\/div>\n\n\n<div class=\"wp-block-file\"><a href=\"https:\/\/www.electro-park.fr\/wp-content\/uploads\/2020\/04\/Qualification-Qualifelec.pdf\" class=\"wp-block-file__button\" download>Voir la Qualification Qualifelec<\/a><\/div>\n\t\t","protected":false},"excerpt":{"rendered":"<p>\u00ab\u00a0Cadre de vie \u00bb est une entreprise parisienne exer\u00e7ant dans le BTP depuis plus de vingt ans. Forts de notre exp\u00e9rience et passionn\u00e9s par l\u2019innovation, nous proposons l\u2019installation et si vous le d\u00e9sirez la maintenance, dans les parkings de copropri\u00e9t\u00e9,\u00a0de bornes de recharge de batterie pour les voitures \u00e9lectriques. Nos WALLBOX peuvent concerner tout l\u2019ensemble &#8230; <a title=\"Pr\u00e9sentation\" class=\"read-more\" href=\"https:\/\/www.electro-park.fr\/?page_id=8\" aria-label=\"En savoir plus sur Pr\u00e9sentation\">Lire la suite<\/a><\/p>\n","protected":false},"author":2,"featured_media":0,"parent":0,"menu_order":2,"comment_status":"closed","ping_status":"open","template":"","meta":{"footnotes":""},"class_list":["post-8","page","type-page","status-publish"],"yoast_head":"<!-- This site is optimized with the Yoast SEO plugin v23.6 - https:\/\/yoast.com\/wordpress\/plugins\/seo\/ -->\n<title>Pr\u00e9sentation - ELECTRO PARK<\/title>\n<meta name=\"description\" content=\"Bornes de recharge pour voiture electrique\" \/>\n<meta name=\"robots\" content=\"index, follow, max-snippet:-1, max-image-preview:large, max-video-preview:-1\" \/>\n<link rel=\"canonical\" href=\"https:\/\/www.electro-park.fr\/?page_id=8\" \/>\n<meta property=\"og:locale\" content=\"fr_FR\" \/>\n<meta property=\"og:type\" content=\"article\" \/>\n<meta property=\"og:title\" content=\"Pr\u00e9sentation - ELECTRO PARK\" \/>\n<meta property=\"og:description\" content=\"Bornes de recharge pour voiture electrique\" \/>\n<meta property=\"og:url\" content=\"https:\/\/www.electro-park.fr\/?page_id=8\" \/>\n<meta property=\"og:site_name\" content=\"ELECTRO PARK\" \/>\n<meta name=\"twitter:card\" content=\"summary_large_image\" \/>\n<meta name=\"twitter:label1\" content=\"Dur\u00e9e de lecture estim\u00e9e\" \/>\n\t<meta name=\"twitter:data1\" content=\"1 minute\" \/>\n<script type=\"application\/ld+json\" class=\"yoast-schema-graph\">{\"@context\":\"https:\/\/schema.org\",\"@graph\":[{\"@type\":\"WebPage\",\"@id\":\"https:\/\/www.electro-park.fr\/?page_id=8\",\"url\":\"https:\/\/www.electro-park.fr\/?page_id=8\",\"name\":\"Pr\u00e9sentation - ELECTRO PARK\",\"isPartOf\":{\"@id\":\"https:\/\/www.electro-park.fr\/#website\"},\"datePublished\":\"2014-04-21T18:19:35+00:00\",\"dateModified\":\"2014-04-21T18:19:35+00:00\",\"description\":\"Bornes de recharge pour voiture electrique\",\"breadcrumb\":{\"@id\":\"https:\/\/www.electro-park.fr\/?page_id=8#breadcrumb\"},\"inLanguage\":\"fr-FR\",\"potentialAction\":[{\"@type\":\"ReadAction\",\"target\":[\"https:\/\/www.electro-park.fr\/?page_id=8\"]}]},{\"@type\":\"BreadcrumbList\",\"@id\":\"https:\/\/www.electro-park.fr\/?page_id=8#breadcrumb\",\"itemListElement\":[{\"@type\":\"ListItem\",\"position\":1,\"name\":\"Accueil\",\"item\":\"https:\/\/www.electro-park.fr\/\"},{\"@type\":\"ListItem\",\"position\":2,\"name\":\"Pr\u00e9sentation\"}]},{\"@type\":\"WebSite\",\"@id\":\"https:\/\/www.electro-park.fr\/#website\",\"url\":\"https:\/\/www.electro-park.fr\/\",\"name\":\"ELECTRO PARK\",\"description\":\"RECHARGE DES VEHICULES ELECTRIQUES\",\"potentialAction\":[{\"@type\":\"SearchAction\",\"target\":{\"@type\":\"EntryPoint\",\"urlTemplate\":\"https:\/\/www.electro-park.fr\/?s={search_term_string}\"},\"query-input\":{\"@type\":\"PropertyValueSpecification\",\"valueRequired\":true,\"valueName\":\"search_term_string\"}}],\"inLanguage\":\"fr-FR\"}]}<\/script>\n<!-- \/ Yoast SEO plugin. -->","yoast_head_json":{"title":"Pr\u00e9sentation - ELECTRO PARK","description":"Bornes de recharge pour voiture electrique","robots":{"index":"index","follow":"follow","max-snippet":"max-snippet:-1","max-image-preview":"max-image-preview:large","max-video-preview":"max-video-preview:-1"},"canonical":"https:\/\/www.electro-park.fr\/?page_id=8","og_locale":"fr_FR","og_type":"article","og_title":"Pr\u00e9sentation - ELECTRO PARK","og_description":"Bornes de recharge pour voiture electrique","og_url":"https:\/\/www.electro-park.fr\/?page_id=8","og_site_name":"ELECTRO PARK","twitter_card":"summary_large_image","twitter_misc":{"Dur\u00e9e de lecture estim\u00e9e":"1 minute"},"schema":{"@context":"https:\/\/schema.org","@graph":[{"@type":"WebPage","@id":"https:\/\/www.electro-park.fr\/?page_id=8","url":"https:\/\/www.electro-park.fr\/?page_id=8","name":"Pr\u00e9sentation - ELECTRO PARK","isPartOf":{"@id":"https:\/\/www.electro-park.fr\/#website"},"datePublished":"2014-04-21T18:19:35+00:00","dateModified":"2014-04-21T18:19:35+00:00","description":"Bornes de recharge pour voiture electrique","breadcrumb":{"@id":"https:\/\/www.electro-park.fr\/?page_id=8#breadcrumb"},"inLanguage":"fr-FR","potentialAction":[{"@type":"ReadAction","target":["https:\/\/www.electro-park.fr\/?page_id=8"]}]},{"@type":"BreadcrumbList","@id":"https:\/\/www.electro-park.fr\/?page_id=8#breadcrumb","itemListElement":[{"@type":"ListItem","position":1,"name":"Accueil","item":"https:\/\/www.electro-park.fr\/"},{"@type":"ListItem","position":2,"name":"Pr\u00e9sentation"}]},{"@type":"WebSite","@id":"https:\/\/www.electro-park.fr\/#website","url":"https:\/\/www.electro-park.fr\/","name":"ELECTRO PARK","description":"RECHARGE DES VEHICULES ELECTRIQUES","potentialAction":[{"@type":"SearchAction","target":{"@type":"EntryPoint","urlTemplate":"https:\/\/www.electro-park.fr\/?s={search_term_string}"},"query-input":{"@type":"PropertyValueSpecification","valueRequired":true,"valueName":"search_term_string"}}],"inLanguage":"fr-FR"}]}},"_links":{"self":[{"href":"https:\/\/www.electro-park.fr\/index.php?rest_route=\/wp\/v2\/pages\/8","targetHints":{"allow":["GET"]}}],"collection":[{"href":"https:\/\/www.electro-park.fr\/index.php?rest_route=\/wp\/v2\/pages"}],"about":[{"href":"https:\/\/www.electro-park.fr\/index.php?rest_route=\/wp\/v2\/types\/page"}],"author":[{"embeddable":true,"href":"https:\/\/www.electro-park.fr\/index.php?rest_route=\/wp\/v2\/users\/2"}],"replies":[{"embeddable":true,"href":"https:\/\/www.electro-park.fr\/index.php?rest_route=%2Fwp%2Fv2%2Fcomments&post=8"}],"version-history":[{"count":0,"href":"https:\/\/www.electro-park.fr\/index.php?rest_route=\/wp\/v2\/pages\/8\/revisions"}],"wp:attachment":[{"href":"https:\/\/www.electro-park.fr\/index.php?rest_route=%2Fwp%2Fv2%2Fmedia&parent=8"}],"curies":[{"name":"wp","href":"https:\/\/api.w.org\/{rel}","templated":true}]}}

Présentation

<p>« <a title="Cadre de Vie" href="http://www.cadre-de-vie.fr/" target="_blank" rel="noopener noreferrer">Cadre de vie</a> » est une entreprise parisienne exerçant dans le BTP depuis plus de vingt ans.</p>
<div>
<p>Forts de notre expérience et <strong>passionnés</strong> par l’innovation, nous proposons <strong>l’installation et si vous le désirez la maintenance</strong>, dans les parkings de copropriété, de<strong> bornes de recharge de batterie pour les voitures électriques</strong>.</p>
<div>
<p>Nos <strong>WALLBOX</strong> peuvent concerner tout l’ensemble ou une partie seulement d’un parc de stationnement. Nos solutions sont <strong>économiques</strong>, <strong>pratiques</strong> et <strong>efficaces</strong>, et nous effectuons pour vous toutes les <strong>démarches administratives</strong> nécessaires, et ce dans les règles de l’art.</p>
<hr />
<h3>PRIME, AIDE GOUVERNEMENTALE</h3>
<p><strong>Dans le cadre de la transition énergétique deux aides cumulables sont proposées:</strong></p>
<p><strong>Prime Advenir </strong>: elle couvre les coûts de fourniture et d&rsquo;installation à hauteur de 50% avec un plafond de 600€. Nous entreprenons pour vous toutes les démarches vous permettant de recevoir cette prime.</p>
<p><strong>Défiscalisation</strong> : Crédit d&rsquo;impôt de 300€ (loi fiscale 2020)</p>
<p><strong>Condition</strong> : équiper la borne d&rsquo;un dispositif heures pleines/heures creuses.</p>
<p><strong>Le Taux de TVA</strong> applicable à l&rsquo;ensemble de ces travaux est de 5,5 %.</p>
<p><strong>Information importante</strong> : Vous devenez propriétaire de toute l&rsquo;installation (Borne de recharge, compteur, protections&#8230;), il n&rsquo;y a pas de frais supplémentaire (location, maintenance…), vous êtes uniquement redevable à la copropriété du <strong>courant consommé lors de la recharge de votre véhicule.</strong></p>
<hr />
<h3>Qualification</h3>
<p>Cadre de Vie a obtenu la qualification QUALIFELEC LCPT (Logement &#8211; Commerce – Petit Tertiaire) avec mention IRVE (Infrastructures de Recharge Véhicule Electrique) et sommes référencés <a href="https://advenir.mobi/les-installateurs/" target="_blank" rel="noopener noreferrer">ADVENIR</a>.</p>
</div>
</div>


<div class="wp-block-file"><a href="https://www.electro-park.fr/wp-content/uploads/2020/04/Qualification-Qualifelec.pdf" class="wp-block-file__button" download>Voir la Qualification Qualifelec</a></div>

<p>« Cadre de vie » est une entreprise parisienne exerçant dans le BTP depuis plus de vingt ans. Forts de notre expérience et passionnés par l’innovation, nous proposons l’installation et si vous le désirez la maintenance, dans les parkings de copropriété, de bornes de recharge de batterie pour les voitures électriques. Nos WALLBOX peuvent concerner tout l’ensemble &#8230; <a title="Présentation" class="read-more" href="https://www.electro-park.fr/?page_id=8" aria-label="En savoir plus sur Présentation">Lire la suite</a></p>

<!-- This site is optimized with the Yoast SEO plugin v23.6 - https://yoast.com/wordpress/plugins/seo/ -->
<title>Présentation - ELECTRO PARK</title>
<meta name="description" content="Bornes de recharge pour voiture electrique" />
<meta name="robots" content="index, follow, max-snippet:-1, max-image-preview:large, max-video-preview:-1" />
<link rel="canonical" href="https://www.electro-park.fr/?page_id=8" />
<meta property="og:locale" content="fr_FR" />
<meta property="og:type" content="article" />
<meta property="og:title" content="Présentation - ELECTRO PARK" />
<meta property="og:description" content="Bornes de recharge pour voiture electrique" />
<meta property="og:url" content="https://www.electro-park.fr/?page_id=8" />
<meta property="og:site_name" content="ELECTRO PARK" />
<meta name="twitter:card" content="summary_large_image" />
<meta name="twitter:label1" content="Durée de lecture estimée" />
	<meta name="twitter:data1" content="1 minute" />
<script type="application/ld+json" class="yoast-schema-graph">{"@context":"https://schema.org","@graph":[{"@type":"WebPage","@id":"https://www.electro-park.fr/?page_id=8","url":"https://www.electro-park.fr/?page_id=8","name":"Présentation - ELECTRO PARK","isPartOf":{"@id":"https://www.electro-park.fr/#website"},"datePublished":"2014-04-21T18:19:35+00:00","dateModified":"2014-04-21T18:19:35+00:00","description":"Bornes de recharge pour voiture electrique","breadcrumb":{"@id":"https://www.electro-park.fr/?page_id=8#breadcrumb"},"inLanguage":"fr-FR","potentialAction":[{"@type":"ReadAction","target":["https://www.electro-park.fr/?page_id=8"]}]},{"@type":"BreadcrumbList","@id":"https://www.electro-park.fr/?page_id=8#breadcrumb","itemListElement":[{"@type":"ListItem","position":1,"name":"Accueil","item":"https://www.electro-park.fr/"},{"@type":"ListItem","position":2,"name":"Présentation"}]},{"@type":"WebSite","@id":"https://www.electro-park.fr/#website","url":"https://www.electro-park.fr/","name":"ELECTRO PARK","description":"RECHARGE DES VEHICULES ELECTRIQUES","potentialAction":[{"@type":"SearchAction","target":{"@type":"EntryPoint","urlTemplate":"https://www.electro-park.fr/?s={search_term_string}"},"query-input":{"@type":"PropertyValueSpecification","valueRequired":true,"valueName":"search_term_string"}}],"inLanguage":"fr-FR"}]}</script>
<!-- / Yoast SEO plugin. -->

Présentation - ELECTRO PARK
